{"id":740,"date":"2019-02-20T10:03:40","date_gmt":"2019-02-20T09:03:40","guid":{"rendered":"http:\/\/www.zedant.es\/?page_id=740"},"modified":"2019-02-20T11:26:15","modified_gmt":"2019-02-20T10:26:15","slug":"politica-de-privacidad","status":"publish","type":"page","link":"https:\/\/www.zedant.es\/index.php\/politica-de-privacidad\/","title":{"rendered":"Pol\u00edtica de privacidad"},"content":{"rendered":"\n<p><strong>Protecci\u00f3n de datos de car\u00e1cter personal seg\u00fan la LOPD<\/strong><\/p>\n\n\n\n<p><strong>ZEDANT Soluciones Inmobiliarias, SL<\/strong>, en aplicaci\u00f3n de la normativa\nvigente en materia de protecci\u00f3n de datos de car\u00e1cter personal, informa que los\ndatos personales que se recogen a trav\u00e9s de los formularios del Sitio web: <strong>www.zedant.es<\/strong>, se incluyen en los\nficheros automatizados espec\u00edficos de usuarios de los servicios de <strong>ZEDANT Soluciones Inmobiliarias, SL.<\/strong> <\/p>\n\n\n\n<p>La recogida y tratamiento\nautomatizado de los datos de car\u00e1cter personal tiene como finalidad el\nmantenimiento de la relaci\u00f3n comercial y el desempe\u00f1o de tareas de informaci\u00f3n,\nformaci\u00f3n, asesoramiento y otras actividades propias de <strong>ZEDANT Soluciones Inmobiliarias, SL.<\/strong><\/p>\n\n\n\n<p>Estos datos \u00fanicamente ser\u00e1n\ncedidos a aquellas entidades que sean necesarias con el \u00fanico objetivo de dar\ncumplimiento a la finalidad anteriormente expuesta.<\/p>\n\n\n\n<p><strong>ZEDANT Soluciones Inmobiliarias, SL<\/strong> adopta las medidas necesarias\npara garantizar la seguridad, integridad y confidencialidad de los datos\nconforme a lo dispuesto en el Reglamento (UE) 2016\/679 del Parlamento Europeo y\ndel Consejo, de 27 de abril de 2016, relativo a la protecci\u00f3n de las personas\nf\u00edsicas en lo que respecta al tratamiento de datos personales y a la libre\ncirculaci\u00f3n de los mismos. <\/p>\n\n\n\n<p>El usuario podr\u00e1 en cualquier momento ejercitar los derechos de acceso, oposici\u00f3n, rectificaci\u00f3n y cancelaci\u00f3n reconocidos en el citado Reglamento (UE). El ejercicio de estos derechos puede realizarlo el propio usuario a trav\u00e9s de email a: <strong><a href=\"mailto:administracion@zedant.es\">info@zedant.es<\/a><\/strong> o en la direcci\u00f3n: <strong>Avenida Men\u00e9ndez Pelayo, 67-local 10, 28009, Madrid<\/strong><\/p>\n\n\n\n<p>El usuario manifiesta que todos\nlos datos facilitados por \u00e9l son ciertos y correctos, y se compromete a\nmantenerlos actualizados, comunicando los cambios a <strong>ZEDANT Soluciones Inmobiliarias, SL.<\/strong><\/p>\n\n\n\n<p><strong>Finalidad del tratamiento de los datos personales:<\/strong> <\/p>\n\n\n\n<p><strong>\u00bfCon qu\u00e9 finalidad trataremos tus datos personales?<\/strong> <\/p>\n\n\n\n<p>En <strong>ZEDANT Soluciones Inmobiliarias, SL<\/strong>, trataremos tus datos\npersonales recabados a trav\u00e9s del Sitio Web: <strong>www.zedant.es<\/strong>, con las siguientes finalidades: <\/p>\n\n\n\n<ol class=\"wp-block-list\"><li>En\ncaso de contrataci\u00f3n de los bienes y servicios ofertados a trav\u00e9s de <strong>www.zedant.es<\/strong>, para mantener la\nrelaci\u00f3n contractual, as\u00ed como la gesti\u00f3n, administraci\u00f3n, informaci\u00f3n,\nprestaci\u00f3n y mejora del servicio.<\/li><li>Env\u00edo\nde informaci\u00f3n solicitada a trav\u00e9s de los formularios dispuestos en <strong>www.zedant.es.<\/strong> <\/li><li>Remitir\nboletines (newsletters), as\u00ed como comunicaciones comerciales de promociones y\/o\npublicidad de<strong> ZEDANT Soluciones\nInmobiliarias, SL<\/strong> y del sector. <\/li><\/ol>\n\n\n\n<p>Te recordamos que puedes oponerte\nal env\u00edo de comunicaciones comerciales por cualquier v\u00eda y en cualquier\nmomento, remitiendo un correo electr\u00f3nico a la direcci\u00f3n indicada\nanteriormente. <\/p>\n\n\n\n<p>Los campos de dichos registros\nson de cumplimentaci\u00f3n obligatoria, siendo imposible realizar las finalidades\nexpresadas si no se aportan esos datos. <\/p>\n\n\n\n<p><strong>\u00bfPor cu\u00e1nto tiempo se conservan los datos personales recabados?<\/strong> <\/p>\n\n\n\n<p>Los datos personales\nproporcionados se conservar\u00e1n mientras se mantenga la relaci\u00f3n comercial o no\nsolicites su supresi\u00f3n y durante el plazo por el cu\u00e1l pudieran derivarse\nresponsabilidades legales por los servicios prestados. <\/p>\n\n\n\n<p><strong>Legitimaci\u00f3n:<\/strong> <\/p>\n\n\n\n<p>El tratamiento de tus datos se\nrealiza con las siguientes bases jur\u00eddicas que legitiman el mismo: <\/p>\n\n\n\n<ol class=\"wp-block-list\"><li>La\nsolicitud de informaci\u00f3n y\/o la contrataci\u00f3n de los servicios de <strong>ZEDANT Soluciones Inmobiliarias, SL<\/strong>,\ncuyos t\u00e9rminos y condiciones se pondr\u00e1n a tu disposici\u00f3n en todo caso, de forma\nprevia a una eventual contrataci\u00f3n. <\/li><li>El\nconsentimiento libre, espec\u00edfico, informado e inequ\u00edvoco, en tanto que te\ninformamos poniendo a tu disposici\u00f3n la presente pol\u00edtica de privacidad, que\ntras la lectura de la misma, en caso de estar conforme, puedes aceptar mediante\nuna declaraci\u00f3n o una clara acci\u00f3n afirmativa, como el marcado de una casilla\ndispuesta al efecto. <\/li><\/ol>\n\n\n\n<p>En caso de que no nos facilites\ntus datos o lo hagas de forma err\u00f3nea o incompleta, no podremos atender tu\nsolicitud, resultando del todo imposible proporcionarte la informaci\u00f3n\nsolicitada o llevar a cabo la contrataci\u00f3n de los servicios. <\/p>\n\n\n\n<p><strong>Destinatarios:<\/strong> <\/p>\n\n\n\n<p>Los datos no se comunicar\u00e1n a\nning\u00fan tercero ajeno a <strong>ZEDANT Soluciones\nInmobiliarias, SL<\/strong>, salvo obligaci\u00f3n legal. <\/p>\n\n\n\n<p>Como encargados de tratamiento,\ntenemos contratados a los siguientes proveedores de servicios, habi\u00e9ndose\ncomprometido al cumplimiento de las disposiciones normativas, de aplicaci\u00f3n en\nmateria de protecci\u00f3n de datos, en el momento de su contrataci\u00f3n: <\/p>\n\n\n\n<ul class=\"wp-block-list\"><li>(ENCARGADO) ______________________________________________________, con\ndomicilio en ___________________________________________, NIF\/CIF n\u00ba\n________________________, presta servicios de ________________________________________.\n<ul><li>Puede consultar la pol\u00edtica de\nprivacidad y dem\u00e1s aspectos legales de la compa\u00f1\u00eda en el siguiente enlace:\n____________________________________________.<\/li><\/ul><\/li><li>(ENCARGADO) ______________________________________________________, con\ndomicilio en ___________________________________________, NIF\/CIF n\u00ba\n________________________, presta servicios de\n________________________________________. <ul><li>Puede consultar la pol\u00edtica de\nprivacidad y dem\u00e1s aspectos legales de la compa\u00f1\u00eda en el siguiente enlace:\n____________________________________________.<\/li><\/ul><\/li><\/ul>\n\n\n\n<p><strong>Datos recopilados por usuarios de los servicios.<\/strong><\/p>\n\n\n\n<p>En los casos en que el usuario\nincluya ficheros con datos de car\u00e1cter personal en los servidores de\nalojamiento compartido, <strong>ZEDANT\nSoluciones Inmobiliarias, SL<\/strong> no se hace responsable del incumplimiento por\nparte del usuario del RGPD. <\/p>\n\n\n\n<p><strong>Retenci\u00f3n de datos en conformidad a la LSSI<\/strong> <\/p>\n\n\n\n<p><strong>ZEDANT Soluciones Inmobiliarias, SL<\/strong> informa de que, como prestador\nde servicio de alojamiento de datos y en virtud de lo establecido en la Ley\n34\/2002 de 11 de julio de Servicios de la Sociedad de la Informaci\u00f3n y de\nComercio Electr\u00f3nico (LSSI), retiene por un periodo m\u00e1ximo de 12 meses la\ninformaci\u00f3n imprescindible para identificar el origen de los datos alojados y\nel momento en que se inici\u00f3 la prestaci\u00f3n del servicio. La retenci\u00f3n de estos\ndatos no afecta al secreto de las comunicaciones y s\u00f3lo podr\u00e1n ser utilizados\nen el marco de una investigaci\u00f3n criminal o para la salvaguardia de la\nseguridad p\u00fablica, poni\u00e9ndose a disposici\u00f3n de los jueces y\/o tribunales o del\nMinisterio que as\u00ed los requiera. <\/p>\n\n\n\n<p>La comunicaci\u00f3n de datos a las\nFuerzas y Cuerpos del Estado se har\u00e1 en virtud a lo dispuesto en la normativa\nsobre protecci\u00f3n de datos personales. <\/p>\n\n\n\n<p><strong>Derechos propiedad intelectual ZEDANT Soluciones Inmobiliarias, SL.<\/strong><\/p>\n\n\n\n<p><strong>ZEDANT Soluciones Inmobiliarias, SL<\/strong> es titular de todos los\nderechos de autor, propiedad intelectual, industrial, \u00abknow how\u00bb y\ncuantos otros derechos guardan relaci\u00f3n con los contenidos del sitio web <strong>www.zedant.es<\/strong> y los servicios ofertados\nen el mismo, as\u00ed como de los programas necesarios para su implementaci\u00f3n y la\ninformaci\u00f3n relacionada. <\/p>\n\n\n\n<p>No se permite la reproducci\u00f3n,\npublicaci\u00f3n y\/o uso no estrictamente privado de los contenidos, totales o\nparciales, del sitio web <strong>www.zedant.es<\/strong>\nsin el consentimiento previo y por escrito. <\/p>\n\n\n\n<p><strong>Propiedad intelectual del software <\/strong><\/p>\n\n\n\n<p>El usuario debe respetar los\nprogramas de terceros puestos a su disposici\u00f3n por <strong>ZEDANT Soluciones Inmobiliarias, SL<\/strong>, aun siendo gratuitos y\/o de\ndisposici\u00f3n p\u00fablica.<\/p>\n\n\n\n<p>&nbsp;<strong>ZEDANT\nSoluciones Inmobiliarias, SL<\/strong> dispone de los derechos de explotaci\u00f3n y\npropiedad intelectual necesarios del software. <\/p>\n\n\n\n<p>El usuario no adquiere derecho\nalguno o licencia por el servicio contratado, sobre el software necesario para\nla prestaci\u00f3n del servicio, ni tampoco sobre la informaci\u00f3n t\u00e9cnica de\nseguimiento del servicio, excepci\u00f3n hecha de los derechos y licencias\nnecesarios para el cumplimiento de los servicios contratados y \u00fanicamente\ndurante la duraci\u00f3n de los mismos. <\/p>\n\n\n\n<p>Para toda actuaci\u00f3n que exceda\ndel cumplimiento del contrato, el usuario necesitar\u00e1 autorizaci\u00f3n por escrito\npor parte de <strong>ZEDANT Soluciones\nInmobiliarias, SL<\/strong>, quedando prohibido al usuario acceder, modificar,\nvisualizar la configuraci\u00f3n, estructura y ficheros de los servidores propiedad\nde<strong> ZEDANT Soluciones Inmobiliarias, SL<\/strong>,\nasumiendo la responsabilidad civil y penal derivada de cualquier incidencia que\nse pudiera producir en los servidores y sistemas de seguridad como consecuencia\ndirecta de una actuaci\u00f3n negligente o maliciosa por su parte. <\/p>\n\n\n\n<p><strong>Propiedad intelectual de los contenidos alojados <\/strong><\/p>\n\n\n\n<p>Se proh\u00edbe el uso contrario a la\nlegislaci\u00f3n sobre propiedad intelectual de los servicios prestados por <strong>ZEDANT Soluciones Inmobiliarias, SL<\/strong> y,\nen particular de: <\/p>\n\n\n\n<ul class=\"wp-block-list\"><li>La utilizaci\u00f3n que resulte contraria a las leyes\nespa\u00f1olas o que infrinja los derechos de terceros.<\/li><li>La publicaci\u00f3n o la transmisi\u00f3n de cualquier\ncontenido que, a juicio de <strong>ZEDANT\nSoluciones Inmobiliarias, SL<\/strong>, resulte violento, obsceno, abusivo, ilegal,\nracial, xen\u00f3fobo o difamatorio. <\/li><li>Los cracks, n\u00fameros de serie de programas o\ncualquier otro contenido que vulnere derechos de la propiedad intelectual de\nterceros. <\/li><li>La recogida y\/o utilizaci\u00f3n de datos personales\nde otros usuarios sin su consentimiento expreso o contraviniendo lo dispuesto\nen Reglamento (UE) 2016\/679 del Parlamento Europeo y del Consejo, de 27 de\nabril de 2016, relativo a la protecci\u00f3n de las personas f\u00edsicas en lo que\nrespecta al tratamiento de datos personales y a la libre circulaci\u00f3n de los\nmismos. <\/li><li>La utilizaci\u00f3n del servidor de correo del\ndominio y de las direcciones de correo electr\u00f3nico para el env\u00edo de correo\nmasivo no deseado. <\/li><\/ul>\n\n\n\n<p>El usuario tiene toda la\nresponsabilidad sobre el contenido de su web, la informaci\u00f3n transmitida y\nalmacenada, los enlaces de hipertexto, las reivindicaciones de terceros y las\nacciones legales en referencia a propiedad intelectual, derechos de terceros y\nprotecci\u00f3n de menores. <\/p>\n\n\n\n<p>El usuario es responsable\nrespecto a las leyes y reglamentos en vigor y las reglas que tienen que ver con\nel funcionamiento del servicio online, comercio electr\u00f3nico, derechos de autor,\nmantenimiento del orden p\u00fablico, as\u00ed como principios universales de uso de\nInternet. <\/p>\n\n\n\n<p>El usuario indemnizar\u00e1 a <strong>ZEDANT Soluciones Inmobiliarias, SL<\/strong> por\nlos gastos que generara la imputaci\u00f3n de <strong>ZEDANT\nSoluciones Inmobiliarias, SL<\/strong> en alguna causa cuya responsabilidad fuera\natribuible al usuario, incluidos honorarios y gastos de defensa jur\u00eddica,\nincluso en el caso de una decisi\u00f3n judicial no definitiva. <\/p>\n\n\n\n<p><strong>Protecci\u00f3n de la informaci\u00f3n alojada<\/strong> <\/p>\n\n\n\n<p><strong>ZEDANT Soluciones Inmobiliarias, SL<\/strong> realiza copias de seguridad de\nlos contenidos alojados en sus servidores, sin embargo no se responsabiliza de\nla p\u00e9rdida o el borrado accidental de los datos por parte de los usuarios. De\nigual manera, no garantiza la reposici\u00f3n total de los datos borrados por los\nusuarios, ya que los citados datos podr\u00edan haber sido suprimidos y\/o\nmodificados durante el periodo del tiempo transcurrido desde la \u00faltima copia de\nseguridad. <\/p>\n\n\n\n<p>Los servicios ofertados, excepto\nlos servicios espec\u00edficos de backup, no incluyen la reposici\u00f3n de los\ncontenidos conservados en las copias de seguridad realizadas por <strong>ZEDANT Soluciones Inmobiliarias, SL<\/strong>,\ncuando esta p\u00e9rdida sea imputable al usuario; en este caso, se determinar\u00e1 una\ntarifa acorde a la complejidad y volumen de la recuperaci\u00f3n, siempre previa\naceptaci\u00f3n del usuario. <\/p>\n\n\n\n<p>La reposici\u00f3n de datos borrados\ns\u00f3lo est\u00e1 incluida en el precio del servicio cuando la p\u00e9rdida del contenido\nsea debida a causas atribuibles a <strong>ZEDANT\nSoluciones Inmobiliarias, SL.<\/strong><\/p>\n\n\n\n<p><strong>Comunicaciones comerciales<\/strong> <\/p>\n\n\n\n<p>En aplicaci\u00f3n de la LSSI. <strong>ZEDANT Soluciones Inmobiliarias, SL,<\/strong> no\nenviar\u00e1 comunicaciones publicitarias o promocionales por correo electr\u00f3nico u\notro medio de comunicaci\u00f3n electr\u00f3nica equivalente que previamente no hubieran\nsido solicitadas o expresamente autorizadas por los destinatarios de las\nmismas. <\/p>\n\n\n\n<p>En el caso de usuarios con los\nque exista una relaci\u00f3n contractual previa, <strong>ZEDANT Soluciones Inmobiliarias, SL<\/strong> s\u00ed est\u00e1 autorizado al env\u00edo de\ncomunicaciones comerciales referentes a productos o servicios de <strong>ZEDANT Soluciones Inmobiliarias, SL<\/strong> que\nsean similares a los que inicialmente fueron objeto de contrataci\u00f3n con el\ncliente. <\/p>\n\n\n\n<p>En todo caso, el usuario, tras\nacreditar su identidad, podr\u00e1 solicitar que no se le haga llegar m\u00e1s\ninformaci\u00f3n comercial a trav\u00e9s de los canales de Atenci\u00f3n al Cliente.<\/p>\n","protected":false},"excerpt":{"rendered":"<p>Protecci\u00f3n de datos de car\u00e1cter personal seg\u00fan la LOPD ZEDANT Soluciones Inmobiliarias, SL, en aplicaci\u00f3n de la normativa vigente en materia de protecci\u00f3n de datos de car\u00e1cter personal, informa que los datos personales que se recogen a trav\u00e9s de los formularios del Sitio web: www.zedant.es, se incluyen en los ficheros automatizados espec\u00edficos de usuarios de [&hellip;]<\/p>\n","protected":false},"author":2,"featured_media":0,"parent":0,"menu_order":0,"comment_status":"closed","ping_status":"closed","template":"","meta":{"_monsterinsights_skip_tracking":false,"_monsterinsights_sitenote_active":false,"_monsterinsights_sitenote_note":"","_monsterinsights_sitenote_category":0,"footnotes":""},"class_list":["post-740","page","type-page","status-publish","hentry"],"aioseo_notices":[],"_links":{"self":[{"href":"https:\/\/www.zedant.es\/index.php\/wp-json\/wp\/v2\/pages\/740","targetHints":{"allow":["GET"]}}],"collection":[{"href":"https:\/\/www.zedant.es\/index.php\/wp-json\/wp\/v2\/pages"}],"about":[{"href":"https:\/\/www.zedant.es\/index.php\/wp-json\/wp\/v2\/types\/page"}],"author":[{"embeddable":true,"href":"https:\/\/www.zedant.es\/index.php\/wp-json\/wp\/v2\/users\/2"}],"replies":[{"embeddable":true,"href":"https:\/\/www.zedant.es\/index.php\/wp-json\/wp\/v2\/comments?post=740"}],"version-history":[{"count":3,"href":"https:\/\/www.zedant.es\/index.php\/wp-json\/wp\/v2\/pages\/740\/revisions"}],"predecessor-version":[{"id":757,"href":"https:\/\/www.zedant.es\/index.php\/wp-json\/wp\/v2\/pages\/740\/revisions\/757"}],"wp:attachment":[{"href":"https:\/\/www.zedant.es\/index.php\/wp-json\/wp\/v2\/media?parent=740"}],"curies":[{"name":"wp","href":"https:\/\/api.w.org\/{rel}","templated":true}]}}